[INFO] cloning repository https://github.com/YeyaSwizaw/rust-reasoning
[INFO] running `Command { std: "git" "-c" "credential.helper=" "-c" "credential.helper=/workspace/cargo-home/bin/git-credential-null" "clone" "--bare" "https://github.com/YeyaSwizaw/rust-reasoning" "/workspace/cache/git-repos/https%3A%2F%2Fgithub.com%2FYeyaSwizaw%2Frust-reasoning", kill_on_drop: false }`
[INFO] [stderr] Cloning into bare repository '/workspace/cache/git-repos/https%3A%2F%2Fgithub.com%2FYeyaSwizaw%2Frust-reasoning'...
[INFO] running `Command { std: "git" "rev-parse" "HEAD", kill_on_drop: false }`
[INFO] [stdout] f98ab3aefc309a2f88ce9c5d0d08bc1a8753cbba
[INFO] checking YeyaSwizaw/rust-reasoning against master#af3c6e733a40e671550e0f0f5aeecaa13772ba56 for pr-74989
[INFO] running `Command { std: "git" "clone" "/workspace/cache/git-repos/https%3A%2F%2Fgithub.com%2FYeyaSwizaw%2Frust-reasoning" "/workspace/builds/worker-11/source", kill_on_drop: false }`
[INFO] [stderr] Cloning into '/workspace/builds/worker-11/source'...
[INFO] [stderr] done.
[INFO] validating manifest of git repo https://github.com/YeyaSwizaw/rust-reasoning on toolchain af3c6e733a40e671550e0f0f5aeecaa13772ba56
[INFO] running `Command { std: "/workspace/cargo-home/bin/cargo" "+af3c6e733a40e671550e0f0f5aeecaa13772ba56" "read-manifest" "--manifest-path" "Cargo.toml", kill_on_drop: false }`
[INFO] started tweaking git repo https://github.com/YeyaSwizaw/rust-reasoning
[INFO] finished tweaking git repo https://github.com/YeyaSwizaw/rust-reasoning
[INFO] tweaked toml for git repo https://github.com/YeyaSwizaw/rust-reasoning written to /workspace/builds/worker-11/source/Cargo.toml
[INFO] crate git repo https://github.com/YeyaSwizaw/rust-reasoning already has a lockfile, it will not be regenerated
[INFO] running `Command { std: "/workspace/cargo-home/bin/cargo" "+af3c6e733a40e671550e0f0f5aeecaa13772ba56" "fetch" "--locked" "--manifest-path" "Cargo.toml", kill_on_drop: false }`
[INFO] [stderr]     Blocking waiting for file lock on package cache
[INFO] [stderr]     Blocking waiting for file lock on package cache
[INFO] running `Command { std: "docker" "create" "-v" "/var/lib/crater-agent-workspace/builds/worker-11/target:/opt/rustwide/target:rw,Z" "-v" "/var/lib/crater-agent-workspace/builds/worker-11/source:/opt/rustwide/workdir:ro,Z" "-v" "/var/lib/crater-agent-workspace/cargo-home:/opt/rustwide/cargo-home:ro,Z" "-v" "/var/lib/crater-agent-workspace/rustup-home:/opt/rustwide/rustup-home:ro,Z" "-e" "SOURCE_DIR=/opt/rustwide/workdir" "-e" "CARGO_TARGET_DIR=/opt/rustwide/target" "-e" "CARGO_HOME=/opt/rustwide/cargo-home" "-e" "RUSTUP_HOME=/opt/rustwide/rustup-home" "-w" "/opt/rustwide/workdir" "-m" "1610612736" "--user" "0:0" "--network" "none" "rustops/crates-build-env@sha256:d92eaeed33fa75130ca1ee6c8a01d1ffb62bac859dfdfb3450e3e5d1c0146529" "/opt/rustwide/cargo-home/bin/cargo" "+af3c6e733a40e671550e0f0f5aeecaa13772ba56" "metadata" "--no-deps" "--format-version=1", kill_on_drop: false }`
[INFO] [stdout] ac98c86cc64d30155741390f70be3c6244afc1ee40ae25359da88fdcbcc63c77
[INFO] [stderr] WARNING: Your kernel does not support swap limit capabilities or the cgroup is not mounted. Memory limited without swap.
[INFO] running `Command { std: "docker" "start" "-a" "ac98c86cc64d30155741390f70be3c6244afc1ee40ae25359da88fdcbcc63c77", kill_on_drop: false }`
[INFO] running `Command { std: "docker" "inspect" "ac98c86cc64d30155741390f70be3c6244afc1ee40ae25359da88fdcbcc63c77", kill_on_drop: false }`
[INFO] running `Command { std: "docker" "rm" "-f" "ac98c86cc64d30155741390f70be3c6244afc1ee40ae25359da88fdcbcc63c77", kill_on_drop: false }`
[INFO] [stdout] ac98c86cc64d30155741390f70be3c6244afc1ee40ae25359da88fdcbcc63c77
[INFO] running `Command { std: "docker" "create" "-v" "/var/lib/crater-agent-workspace/builds/worker-11/target:/opt/rustwide/target:rw,Z" "-v" "/var/lib/crater-agent-workspace/builds/worker-11/source:/opt/rustwide/workdir:ro,Z" "-v" "/var/lib/crater-agent-workspace/cargo-home:/opt/rustwide/cargo-home:ro,Z" "-v" "/var/lib/crater-agent-workspace/rustup-home:/opt/rustwide/rustup-home:ro,Z" "-e" "SOURCE_DIR=/opt/rustwide/workdir" "-e" "CARGO_TARGET_DIR=/opt/rustwide/target" "-e" "CARGO_INCREMENTAL=0" "-e" "RUST_BACKTRACE=full" "-e" "RUSTFLAGS=--cap-lints=forbid" "-e" "CARGO_HOME=/opt/rustwide/cargo-home" "-e" "RUSTUP_HOME=/opt/rustwide/rustup-home" "-w" "/opt/rustwide/workdir" "-m" "1610612736" "--user" "0:0" "--network" "none" "rustops/crates-build-env@sha256:d92eaeed33fa75130ca1ee6c8a01d1ffb62bac859dfdfb3450e3e5d1c0146529" "/opt/rustwide/cargo-home/bin/cargo" "+af3c6e733a40e671550e0f0f5aeecaa13772ba56" "check" "--frozen" "--all" "--all-targets" "--message-format=json", kill_on_drop: false }`
[INFO] [stdout] 1b24eafa1c3d41299023045580ca6a69e24c138f48431b66a3cc8e3cd8d3a0b6
[INFO] [stderr] WARNING: Your kernel does not support swap limit capabilities or the cgroup is not mounted. Memory limited without swap.
[INFO] running `Command { std: "docker" "start" "-a" "1b24eafa1c3d41299023045580ca6a69e24c138f48431b66a3cc8e3cd8d3a0b6", kill_on_drop: false }`
[INFO] [stderr]     Checking reasoning v0.0.1 (/opt/rustwide/workdir)
[INFO] [stdout] warning: `...` range patterns are deprecated
[INFO] [stdout]   --> src/main.rs:24:24
[INFO] [stdout]    |
[INFO] [stdout] 24 |                 c @ 'A'...'Z' => tokens.push(Token::Atom(c.to_string())),
[INFO] [stdout]    |                        ^^^ help: use `..=` for an inclusive range
[INFO] [stdout]    |
[INFO] [stdout]    = note: `#[warn(ellipsis_inclusive_range_patterns)]` on by default
[INFO] [stdout] 
[INFO] [stdout] 
[INFO] [stdout] warning: `...` range patterns are deprecated
[INFO] [stdout]   --> src/main.rs:24:24
[INFO] [stdout]    |
[INFO] [stdout] 24 |                 c @ 'A'...'Z' => tokens.push(Token::Atom(c.to_string())),
[INFO] [stdout]    |                        ^^^ help: use `..=` for an inclusive range
[INFO] [stdout]    |
[INFO] [stdout]    = note: `#[warn(ellipsis_inclusive_range_patterns)]` on by default
[INFO] [stdout] 
[INFO] [stdout] 
[INFO] [stderr] error: could not compile `reasoning`.
[INFO] [stdout] error[E0117]: only traits defined in the current crate can be implemented for arbitrary types
[INFO] [stdout]    --> src/expr.rs:125:1
[INFO] [stdout]     |
[INFO] [stdout] 125 | impl Display for Vec<Expr> {
[INFO] [stdout]     | ^^^^^^^^^^^^^^^^^---------
[INFO] [stdout]     | |                |
[INFO] [stdout]     | |                `Vec` is not defined in the current crate
[INFO] [stdout]     | impl doesn't use only types from inside the current crate
[INFO] [stdout]     |
[INFO] [stdout]     = note: define and implement a trait or new type instead
[INFO] [stdout] 
[INFO] [stdout] 
[INFO] [stderr] 
[INFO] [stdout] error[E0117]: only traits defined in the current crate can be implemented for arbitrary types
[INFO] [stdout]    --> src/expr.rs:139:1
[INFO] [stdout]     |
[INFO] [stdout] 139 | impl Display for BTreeSet<Expr> {
[INFO] [stdout]     | ^^^^^^^^^^^^^^^^^--------------
[INFO] [stdout]     | |                |
[INFO] [stdout]     | |                `BTreeSet` is not defined in the current crate
[INFO] [stdout]     | impl doesn't use only types from inside the current crate
[INFO] [stdout]     |
[INFO] [stdout]     = note: define and implement a trait or new type instead
[INFO] [stdout] 
[INFO] [stdout] 
[INFO] [stderr] To learn more, run the command again with --verbose.
[INFO] [stdout] error[E0117]: only traits defined in the current crate can be implemented for arbitrary types
[INFO] [stdout]    --> src/expr.rs:153:1
[INFO] [stdout]     |
[INFO] [stdout] 153 | impl Display for BTreeSet<BTreeSet<Expr>> {
[INFO] [stdout]     | ^^^^^^^^^^^^^^^^^------------------------
[INFO] [stdout]     | |                |
[INFO] [stdout]     | |                `BTreeSet` is not defined in the current crate
[INFO] [stdout]     | impl doesn't use only types from inside the current crate
[INFO] [stdout]     |
[INFO] [stdout]     = note: define and implement a trait or new type instead
[INFO] [stdout] 
[INFO] [stdout] 
[INFO] [stderr] warning: build failed, waiting for other jobs to finish...
[INFO] [stdout] error[E0117]: only traits defined in the current crate can be implemented for arbitrary types
[INFO] [stdout]   --> src/token.rs:30:1
[INFO] [stdout]    |
[INFO] [stdout] 30 | impl Display for Vec<Token> {
[INFO] [stdout]    | ^^^^^^^^^^^^^^^^^----------
[INFO] [stdout]    | |                |
[INFO] [stdout]    | |                `Vec` is not defined in the current crate
[INFO] [stdout]    | impl doesn't use only types from inside the current crate
[INFO] [stdout]    |
[INFO] [stdout]    = note: define and implement a trait or new type instead
[INFO] [stdout] 
[INFO] [stdout] 
[INFO] [stdout] error[E0117]: only traits defined in the current crate can be implemented for arbitrary types
[INFO] [stdout]   --> src/token.rs:44:1
[INFO] [stdout]    |
[INFO] [stdout] 44 | impl<'a> Display for Vec<&'a Token> {
[INFO] [stdout]    | ^^^^^^^^^^^^^^^^^^^^^--------------
[INFO] [stdout]    | |                    |
[INFO] [stdout]    | |                    `Vec` is not defined in the current crate
[INFO] [stdout]    | impl doesn't use only types from inside the current crate
[INFO] [stdout]    |
[INFO] [stdout]    = note: define and implement a trait or new type instead
[INFO] [stdout] 
[INFO] [stdout] 
[INFO] [stdout] error: aborting due to 5 previous errors; 1 warning emitted
[INFO] [stdout] 
[INFO] [stdout] 
[INFO] [stdout] For more information about this error, try `rustc --explain E0117`.
[INFO] [stdout] 
[INFO] [stdout] error[E0117]: only traits defined in the current crate can be implemented for arbitrary types
[INFO] [stdout]    --> src/expr.rs:125:1
[INFO] [stdout]     |
[INFO] [stdout] 125 | impl Display for Vec<Expr> {
[INFO] [stdout]     | ^^^^^^^^^^^^^^^^^---------
[INFO] [stdout]     | |                |
[INFO] [stdout]     | |                `Vec` is not defined in the current crate
[INFO] [stdout]     | impl doesn't use only types from inside the current crate
[INFO] [stdout]     |
[INFO] [stdout]     = note: define and implement a trait or new type instead
[INFO] [stdout] 
[INFO] [stdout] 
[INFO] [stdout] error[E0117]: only traits defined in the current crate can be implemented for arbitrary types
[INFO] [stdout]    --> src/expr.rs:139:1
[INFO] [stdout]     |
[INFO] [stdout] 139 | impl Display for BTreeSet<Expr> {
[INFO] [stdout]     | ^^^^^^^^^^^^^^^^^--------------
[INFO] [stdout]     | |                |
[INFO] [stdout]     | |                `BTreeSet` is not defined in the current crate
[INFO] [stdout]     | impl doesn't use only types from inside the current crate
[INFO] [stdout]     |
[INFO] [stdout]     = note: define and implement a trait or new type instead
[INFO] [stdout] 
[INFO] [stdout] 
[INFO] [stdout] error[E0117]: only traits defined in the current crate can be implemented for arbitrary types
[INFO] [stdout]    --> src/expr.rs:153:1
[INFO] [stdout]     |
[INFO] [stdout] 153 | impl Display for BTreeSet<BTreeSet<Expr>> {
[INFO] [stdout]     | ^^^^^^^^^^^^^^^^^------------------------
[INFO] [stdout]     | |                |
[INFO] [stdout]     | |                `BTreeSet` is not defined in the current crate
[INFO] [stdout]     | impl doesn't use only types from inside the current crate
[INFO] [stdout]     |
[INFO] [stdout]     = note: define and implement a trait or new type instead
[INFO] [stdout] 
[INFO] [stdout] 
[INFO] [stdout] error[E0117]: only traits defined in the current crate can be implemented for arbitrary types
[INFO] [stdout]   --> src/token.rs:30:1
[INFO] [stdout]    |
[INFO] [stdout] 30 | impl Display for Vec<Token> {
[INFO] [stdout]    | ^^^^^^^^^^^^^^^^^----------
[INFO] [stdout]    | |                |
[INFO] [stdout]    | |                `Vec` is not defined in the current crate
[INFO] [stdout]    | impl doesn't use only types from inside the current crate
[INFO] [stdout]    |
[INFO] [stdout]    = note: define and implement a trait or new type instead
[INFO] [stdout] 
[INFO] [stdout] 
[INFO] [stdout] error[E0117]: only traits defined in the current crate can be implemented for arbitrary types
[INFO] [stdout]   --> src/token.rs:44:1
[INFO] [stdout]    |
[INFO] [stdout] 44 | impl<'a> Display for Vec<&'a Token> {
[INFO] [stdout]    | ^^^^^^^^^^^^^^^^^^^^^--------------
[INFO] [stdout]    | |                    |
[INFO] [stdout]    | |                    `Vec` is not defined in the current crate
[INFO] [stdout]    | impl doesn't use only types from inside the current crate
[INFO] [stdout]    |
[INFO] [stdout]    = note: define and implement a trait or new type instead
[INFO] [stdout] 
[INFO] [stdout] 
[INFO] [stdout] error: aborting due to 5 previous errors; 1 warning emitted
[INFO] [stdout] 
[INFO] [stdout] 
[INFO] [stdout] For more information about this error, try `rustc --explain E0117`.
[INFO] [stdout] 
[INFO] [stderr] error: build failed
[INFO] running `Command { std: "docker" "inspect" "1b24eafa1c3d41299023045580ca6a69e24c138f48431b66a3cc8e3cd8d3a0b6", kill_on_drop: false }`
[INFO] running `Command { std: "docker" "rm" "-f" "1b24eafa1c3d41299023045580ca6a69e24c138f48431b66a3cc8e3cd8d3a0b6", kill_on_drop: false }`
[INFO] [stdout] 1b24eafa1c3d41299023045580ca6a69e24c138f48431b66a3cc8e3cd8d3a0b6
